.
5
What is the remainder when 622153 is divided by 259?
35
Calculate the remainder when 1708963 is divided by 550.
113
Calculate the remainder when 938341 is divided by 78186.
109
What is the remainder when 273287 is divided by 273209?
78
Calculate the remainder when 342688 is divided by 4509.
4
What is the remainder when 24449 is divided by 284?
25
Calculate the remainder when 7660993 is divided by 8.
1
What is the remainder when 1839 is divided by 350?
89
What is the remainder when 374076 is divided by 278?
166
Calculate the remainder when 139447 is divided by 2378.
1523
Calculate the remainder when 85479 is divided by 2084.
35
What is the remainder when 635004358 is divided by 740?
738
Calculate the remainder when 6433596 is divided by 1106.
1100
What is the remainder when 164697 is divided by 82324?
49
Calculate the remainder when 1125513 is divided by 26797.
39
What is the remainder when 5426516 is divided by 17?
14
What is the remainder when 1640814 is divided by 60769?
51
Calculate the remainder when 9068195 is divided by 1014.
1007
Calculate the remainder when 73552886 is divided by 18388218.
14
What is the remainder when 49968 is divided by 328?
112
Calculate the remainder when 2072939 is divided by 1303.
1169
Calculate the remainder when 55795 is divided by 796.
75
Calculate the remainder when 334066 is divided by 111232.
370
What is the remainder when 3975756 is divided by 943?
68
Calculate the remainder when 95543 is divided by 95518.
25
What is the remainder when 10472195 is divided by 101?
10
Calculate the remainder when 605302 is divided by 121050.
52
Calculate the remainder when 2761117 is divided by 125500.
117
What is the remainder when 405749502 is divided by 21?
18
Calculate the remainder when 121424 is divided by 40220.
764
What is the remainder when 69650 is divided by 294?
266
Calculate the remainder when 375083 is divided by 10.
3
What is the remainder when 415319 is divided by 1505?
1444
What is the remainder when 1998069 is divided by 2390?
29
What is the remainder when 592917 is divided by 1770?
1737
Calculate the remainder when 3414 is divided by 1097.
123
Calculate the remainder when 8203628 is divided by 57772.
4
What is the remainder when 6605235 is divided by 74216?
11
Calculate the remainder when 1712526 is divided by 384.
270
What is the remainder when 4695401 is divided by 1538?
1425
Calculate the remainder when 4947037 is divided by 2473203.
631
What is the remainder when 428061 is divided by 119?
18
Calculate the remainder when 11150 is divided by 5570.
10
What is the remainder when 2438312 is divided by 4017?
4010
Calculate the remainder when 12081449 is divided by 805429.
14
Calculate the remainder when 497655 is divided by 24853.
595
What is the remainder when 15185 is divided by 6221?
2743
Calculate the remainder when 133096 is divided by 1876.
1776
Calculate the remainder when 79191 is divided by 6072.
255
Calculate the remainder when 238457 is divided by 119163.
131
Calculate the remainder when 3885739 is divided by 1108.
1091
What is the remainder when 20763435 is divided by 2391?
2382
What is the remainder when 2035238 is divided by 18171?
86
Calculate the remainder when 73366988 is divided by 94.
82
Calculate the remainder when 10810092 is divided by 133.
118
What is the remainder when 122598 is divided by 681?
18
What is the remainder when 37670777 is divided by 1639?
1
Calculate the remainder when 4429005 is divided by 599.
598
Calculate the remainder when 13268619 is divided by 10.
9
Calculate the remainder when 7425066 is divided by 2474998.
72
What is the remainder when 29043944 is divided by 4149129?
41
Calculate the remainder when 207143 is divided by 39012.
12083
What is the remainder when 411475 is divided by 10537?
532
Calculate the remainder when 32976317 is divided by 2298.
17
Calculate the remainder when 187715 is divided by 1542.
1133
Calculate the remainder when 2632386 is divided by 123.
63
What is the remainder when 243922625 is divided by 2578?
2577
What is the remainder when 20655845 is divided by 2302?
2301
What is the remainder when 31793011 is divided by 147?
145
Calculate the remainder when 2439927 is divided by 651.
630
What is the remainder when 97746735 is divided by 20?
15
What is the remainder when 37190304 is divided by 590322?
18
What is the remainder when 87853 is divided by 724?
249
What is the remainder when 19862851 is divided by 449?
438
What is the remainder when 12094 is divided by 2336?
414
Calculate the remainder when 20316296 is divided by 562.
558
What is the remainder when 20145380 is divided by 875884?
48
Calculate the remainder when 1459891 is divided by 169.
69
Calculate the remainder when 6093269 is divided by 3.
2
Calculate the remainder when 56206446 is divided by 14051607.
18
Calculate the remainder when 69516208 is divided by 366.
364
Calculate the remainder when 17476 is divided by 541.
164
Calculate the remainder when 1645439 is divided by 2311.
7
Calculate the remainder when 190216 is divided by 1500.
1216
What is the remainder when 189499 is divided by 12631?
34
What is the remainder when 111641 is divided by 5468?
2281
Calculate the remainder when 12260 is divided by 2209.
1215
Calculate the remainder when 2219811041 is divided by 1374.
1373
What is the remainder when 17824658 is divided by 6701?
6699
What is the remainder when 53172 is divided by 983?
90
Calculate the remainder when 3571073 is divided by 778.
53
Calculate the remainder when 2595707 is divided by 1297849.
9
What is the remainder when 1660811 is divided by 1233?
1193
What is the remainder when 144427 is divided by 144371?
56
Calculate the remainder when 1343828 is divided by 1343817.
11
What is the remainder when 7024390 is divided by 5021?
11
Calculate the remainder when 18213572 is divided by 59913.
20
What is the remainder when 56206446 is divided by 369?
366
What is the remainder when 96258 is divided by 448?
386
What is the remainder when 20488291 is divided by 2013?
1990
What is the remainder when 3322581 is divided by 55?
31
Calculate the remainder when 11603731 is divided by 14.
13
What is the remainder when 2957777 is divided by 5?
2
What is the remainder when 34022 is divided by 3808?
3558
What is the remainder when 7374275 is divided by 7374270?
5
What is the remainder when 25072305 is divided by 735?
720
Calculate the remainder when 89220 is divided by 3684.
804
What is the remainder when 16995655 is divided by 9?
1
What is the remainder when 287760144 is divided by 1130?
1124
Calculate the remainder when 34002879 is divided by 5399.
5376
Calculate the remainder when 1060934 is divided by 2822.
2684
Calculate the remainder when 3416982 is divided by 213558.
54
Calculate the remainder when 5691291 is divided by 1422817.
23
What is the remainder when 8707 is divided by 3085?
2537
Calculate the remainder when 1677138 is divided by 1957.
1946
What is the remainder when 15611067 is divided by 1734563?
0
What is the remainder when 2867371 is divided by 48599?
30
What is the remainder when 1061596 is divided by 17403?
13
What is the remainder when 1707877 is divided by 5256?
4933
Calculate the remainder when 235963563 is divided by 1412.
7
Calculate the remainder when 82835 is divided by 436.
431
What is the remainder when 247096 is divided by 824?
720
Calculate the remainder when 110490653 is divided by 698.
45
Calculate the remainder when 2634362 is divided by 1125.
737
What is the remainder when 2920438 is divided by 47?
46
Calculate the remainder when 3477115 is divided by 24.
19
Calculate the remainder when 1953047 is divided by 146.
5
Calculate the remainder when 166411 is divided by 15067.
674
Calculate the remainder when 6601520 is divided by 3463.
1042
Calculate the remainder when 2653344 is divided by 1924.
148
What is the remainder when 169890 is divided by 1023?
72
What is the remainder when 4117339 is divided by 47?
45
Calculate the remainder when 129918 is divided by 62575.
4768
What is the remainder when 13863906 is divided by 358?
356
What is the remainder when 78512 is divided by 4617?
23
Calculate the remainder when 326890 is divided by 81718.
18
What is the remainder when 9264912 is divided by 117?
33
Calculate the remainder when 18765154 is divided